divisor of 515 and 128236957.
103
Calculate the greatest common factor of 3600 and 1038672.
144
What is the highest common divisor of 5642 and 260588666?
806
What is the greatest common divisor of 2928321 and 253?
11
What is the highest common divisor of 15440225 and 530?
265
Calculate the greatest common divisor of 13143606 and 105.
21
Calculate the highest common factor of 89 and 32700736.
89
Calculate the greatest common divisor of 7133549 and 1886.
41
Calculate the highest common divisor of 5421 and 17188184.
1807
What is the greatest common factor of 185715500 and 1017?
113
What is the highest common factor of 51996656 and 38800?
1552
Calculate the greatest common divisor of 814 and 91632794.
814
Calculate the greatest common divisor of 17362149 and 3341.
257
Calculate the highest common factor of 14294665 and 39697.
749
What is the highest common factor of 3760 and 17656?
8
Calculate the greatest common divisor of 61313612 and 710.
142
What is the greatest common divisor of 572 and 1662452?
44
Calculate the highest common factor of 395818 and 168.
2
What is the highest common divisor of 21924237 and 102?
51
What is the highest common factor of 28120662 and 255258?
1566
What is the highest common divisor of 1755 and 131443?
13
What is the greatest common factor of 150412801 and 92?
23
What is the highest common divisor of 35794310 and 75681?
2803
What is the greatest common divisor of 321402380 and 780?
260
What is the highest common divisor of 2414 and 464644?
34
What is the highest common divisor of 1213977531 and 4618?
2309
Calculate the greatest common divisor of 5457745 and 20.
5
What is the greatest common divisor of 1955085 and 3201?
33
What is the greatest common divisor of 236 and 64987792?
236
Calculate the greatest common divisor of 13 and 273495417.
13
Calculate the highest common divisor of 14148 and 4019604.
1572
What is the greatest common factor of 42661004 and 38?
38
What is the greatest common divisor of 1134712 and 40223?
2117
Calculate the greatest common divisor of 126176168 and 37952.
4744
What is the highest common factor of 5944533 and 1911?
147
Calculate the greatest common divisor of 760357 and 36179.
299
Calculate the greatest common factor of 3 and 10768020.
3
What is the highest common divisor of 15171340 and 162268?
1436
Calculate the greatest common divisor of 150708 and 912.
228
Calculate the greatest common factor of 15708 and 27908067.
561
What is the greatest common divisor of 146520 and 720?
360
Calculate the greatest common factor of 1501439 and 405728.
409
Calculate the highest common factor of 11295003 and 33.
3
What is the highest common factor of 435 and 2252082?
87
Calculate the greatest common divisor of 1393 and 724559.
199
What is the greatest common divisor of 514976 and 34276?
836
What is the greatest common factor of 41465638 and 4731?
1577
Calculate the highest common factor of 568 and 107691096.
568
What is the greatest common divisor of 767307 and 55973?
251
Calculate the highest common divisor of 33470138 and 771.
257
Calculate the greatest common factor of 268 and 629340179.
67
What is the highest common factor of 158 and 10667449?
79
Calculate the greatest common divisor of 3800 and 14509400.
200
Calculate the highest common divisor of 52 and 94910413.
13
What is the highest common divisor of 135 and 31260132?
9
Calculate the highest common factor of 1851300 and 1105.
85
What is the greatest common factor of 1064 and 2771321?
133
Calculate the greatest common divisor of 333207 and 52560319.
12341
Calculate the highest common factor of 11 and 351703.
11
What is the highest common divisor of 140 and 1449260?
20
Calculate the greatest common divisor of 20463116 and 8.
4
What is the greatest common factor of 1342 and 1268839?
11
What is the greatest common factor of 70417 and 23785?
67
What is the greatest common factor of 45998872 and 1498?
214
What is the greatest common factor of 796 and 596426084?
796
Calculate the highest common divisor of 950 and 265622900.
50
Calculate the greatest common divisor of 241046155 and 139.
139
What is the greatest common divisor of 11619355 and 207955?
1045
Calculate the greatest common divisor of 698620 and 156.
52
Calculate the greatest common divisor of 22035013 and 3003.
1001
Calculate the highest common factor of 565339 and 226.
113
Calculate the highest common factor of 60 and 82829380.
20
Calculate the highest common factor of 113352 and 38504.
8
What is the highest common factor of 667318 and 8398?
646
Calculate the greatest common factor of 1418720 and 9740.
20
Calculate the greatest common divisor of 88 and 673453.
11
What is the highest common divisor of 2741156 and 27500?
44
What is the highest common divisor of 23334 and 7422?
6
Calculate the highest common factor of 380 and 13740820.
20
Calculate the greatest common factor of 2307027 and 2889.
321
What is the highest common factor of 11485 and 28962873?
2297
What is the greatest common factor of 997063 and 29488?
1843
Calculate the highest common factor of 1328180 and 24645.
265
What is the highest common divisor of 8891 and 54151?
1
Calculate the highest common factor of 172774938 and 112.
14
What is the highest common divisor of 483638 and 4898?
158
What is the highest common divisor of 4418 and 444479?
47
What is the highest common divisor of 26313 and 727098?
537
Calculate the greatest common factor of 21025 and 12953575.
725
What is the greatest common factor of 435 and 310880?
145
Calculate the highest common divisor of 49392 and 265104.
1008
What is the highest common factor of 1041539 and 428672?
3349
Calculate the highest common divisor of 544196 and 824.
4
What is the highest common factor of 8 and 171276296?
8
What is the greatest common factor of 4453120260 and 1145?
1145
What is the greatest common divisor of 1232 and 1005092?
44
What is the greatest common factor of 698746543 and 11?
11
What is the greatest common factor of 567 and 10619042?
7
What is the highest common divisor of 7781672 and 16?
8
What is the greatest common divisor of 289 and 43380923?
289
What is the greatest common divisor of 85306715 and 52?
13
What is the greatest common factor of 162780 and 8076?
12
Calculate the greatest common factor of 9436843 and 2105662.
9659
Calculate the highest common divisor of 11399920 and 840.
280
What is the highest common factor of 182 and 1202929?
91
What is the greatest common factor of 7296 and 1273665?
57
Calculate the greatest common divisor of 56877312 and 240.
48
Calculate the greatest common factor of 417748740 and 727.
727
What is the greatest common factor of 3617 and 1916?
1
What is the highest common divisor of 571772 and 4237?
223
Calculate the highest common factor of 86960 and 153040.
80
Calculate the greatest common divisor of 4449248 and 185954.
1706
Calculate the highest common divisor of 47938 and 2398.
22
What is the highest common factor of 2574254 and 15952?
1994
What is the greatest common divisor of 703482 and 99831?
933
Calculate the greatest common factor of 7739919 and 9768.
1221
Calculate the highest common factor of 11 and 690827104.
11
What is the highest common factor of 924034 and 2482?
146
Calculate the greatest common factor of 369 and 6387677.
41
Calculate the greatest common divisor of 1316 and 19645612.
28
What is the highest common divisor of 342 and 9720495?
171
What is the greatest common factor of 780 and 2043912?
156
What is the greatest common factor of 277047775 and 166?
83
What is the greatest common divisor of 16 and 31298608?
16
What is the highest common factor of 212102 and 194686?
622
Calculate the greatest common divisor of 44132 and 8863393.
649
Calculate the greatest common divisor of 47988 and 1669164.
372
Calculate the greatest common divisor of 1327 and 320328511.
1327
What is the highest common divisor of 2652381 and 5130?
171
Calculate the highest common factor of 21248624 and 16256.
2032
Calculate the greatest common factor of 7 and 113102591.
7
What is the greatest common factor of 360536 and 5440?
136
Calculate the highest common factor of 1034439 and 7491.
681
What is the greatest common divisor of 495 and 67820775?
165
Calculate the greatest common factor of 217065 and 24621.
87
What is the highest common f